 of (909 - (-8)/q) + 9?
9
Let l(g) = -49 - 1350*g - 118 + 1387*g. What is the hundreds digit of l(21)?
6
Suppose -4*w + 2683 = -w - r, 0 = 3*w + 4*r - 2708. Suppose 195*c - 191*c = w. What is the hundreds digit of c?
2
Let l(z) = -z**3 + 42*z**2 - 158*z - 116. What is the tens digit of l(34)?
6
Let t = 19367 + 6804. What is the tens digit of t?
7
Suppose 19*l = 50166 + 35980. What is the hundreds digit of l?
5
Suppose 186299 = 5*i - s, -5*i - 215*s + 210*s + 186275 = 0. What is the thousands digit of i?
7
Let t = 6 - -7. Let i(o) be the second derivative of o**4/12 - 4*o**3/3 + o**2/2 + 55*o. What is the units digit of i(t)?
6
Let m(h) = h**3 - 10*h**2 - 3*h + 55. Let t(u) = 3*u**3 - 31*u**2 - 9*u + 163. Let l(y) = 17*m(y) - 6*t(y). What is the tens digit of l(15)?
2
Suppose -73*c = -64*c + 18. What is the units digit of (c - (1 - (7 - 2))) + 19?
1
Let y(m) be the third derivative of 0 + 4*m**3 + 0*m - 5/8*m**4 - 31*m**2. What is the tens digit of y(-8)?
4
Suppose 0 = 14*c - 2*c - 1884. Let f = 29 + c. What is the units digit of f?
6
Let n = 1480 + -598. Suppose -5*j + 13*d = 10*d - n, 0 = 2*j - 3*d - 351. What is the tens digit of j?
7
What is the tens digit of (-3)/12 - (10466/(-8))/(14/70)?
4
What is the ten thousands digit of (-2389838)/(-99) - (-4)/10*5/9?
2
Let k(j) = 43*j**2 - 8*j + 6. Let p = 98 + -95. What is the units digit of k(p)?
9
Let g = -328 - -320. Let i(k) = -120*k - 11. What is the units digit of i(g)?
9
Let v be ((-4)/6)/(14/(-924)). Let b(h) = h**3 - 43*h**2 - 26*h - 76. What is the hundreds digit of b(v)?
7
Let z(b) be the first derivative of -b**4/4 - b**3/3 + 3*b**2/2 - 13*b - 98. What is the hundreds digit of z(-8)?
4
Let o(c) = 5*c + 61. Let d be o(-8). Suppose 0 = -d*a + 4846 - 898. What is the tens digit of a?
8
Let b(o) = 6*o + 0 - 9 + 1 + 7. Let c be b(0). What is the units digit of 2 - (c + 3) - (-32 - -1)?
1
Let m(t) = 14*t**3 + 6*t**2 - 29*t + 99. Let x be m(3). Suppose -2*a + 6*a = -1056. Let z = a + x. What is the units digit of z?
0
Let l(n) = -7*n**3 - 5*n**2 + 2*n - 3. Let i be (-19 - (-6 + -5))/(1 - -1). What is the hundreds digit of l(i)?
3
Suppose 3192 = -161*d + 169*d. What is the hundreds digit of (114/(-133))/((-3)/d)?
1
Let r(l) = -55*l - 51. Let j(s) = 6*s + 1. Let i(y) = 12*j(y) + 3*r(y). What is the hundreds digit of i(-9)?
6
Suppose 3*f - 12490 = -13084 + 32370. What is the units digit of f?
2
Let c(n) = 9 + 19 - 6 + 5 + n. Let a(i) = 3*i + 109. Let f(k) = -2*a(k) + 9*c(k). What is the tens digit of f(8)?
4
Let y(p) = -333*p - 1247. What is the units digit of y(-27)?
4
Suppose -w + 50530 = w - 2*b, -50560 = -2*w - 3*b. What is the ten thousands digit of w?
2
Suppose 38*c - 46*c + 264 = 0. Suppose 5*v = 3*n + 9*v - 43, -5*n + 3*v + c = 0. What is the tens digit of 47 - -3*6/n?
4
Let x(y) = -27 - 30 + y**3 + 2*y - 10*y**2 - 17*y + 22. What is the hundreds digit of x(15)?
8
Suppose -3*n - 5*n = 0. Suppose n = 2*z + 23 + 31. Let x = 58 - z. What is the tens digit of x?
8
Suppose -4*n + 341 = 117. Let b(s) = -21*s - 37. Let d be b(-7). Suppose -2*u = -n - d. What is the units digit of u?
3
Suppose -198*z + 200*z - 2*s = 71446, -4*z = 2*s - 142886. What is the tens digit of z?
2
Suppose -5*v = 4*i - 7680, -2*i = 5*v - 4*v - 3846. Suppose -5*f = 2*h - i, -4*f + 4*h = -802 - 738. What is the units digit of f?
5
Let q(f) = 4*f**2 - 35*f + 445. What is the units digit of q(19)?
4
Let z(b) = 5*b - 19*b - 17 + 3*b + 2*b**2. Let j be z(7). Suppose 8*k - 588 = -j*k. What is the tens digit of k?
4
Suppose 0 = -4*b - 12, -4*b = -77*k + 72*k + 70287. What is the units digit of k?
5
What is the units digit of 4742 + (140/10 - 10)?
6
Suppose 10*q + 16 = 2*q. Let h be (6186/24)/(q/(-8)). Suppose 9*m = 382 + h. What is the units digit of m?
7
Let q be ((-2 - 1) + 1)*20. Let o be ((q/(-6))/5)/(4/6). Suppose o*s + 4*f - 9*f - 81 = 0, -s - 3*f = -13. What is the units digit of s?
8
Let l(h) = -23*h - 231. Let g be l(-26). Suppose 2198 = 3*b - g. What is the tens digit of b?
5
Let w be 54/(-45)*5/(-2). Suppose -w*y + 11 = 5. What is the tens digit of 5/10 - ((-93)/y + -1)?
4
Let i = -38 + 41. Suppose 0 = 2*n + n - 12, 0 = -5*x - i*n - 243. Let p = -33 - x. What is the units digit of p?
8
Let q(s) = -536*s + 146. What is the tens digit of q(-42)?
5
Let p = -13528 + 25994. What is the hundreds digit of p?
4
Suppose -2*x - 15*k + 6059 = 0, 2*k - k + 14878 = 5*x. What is the units digit of x?
7
Let k = -14353 + 55760. What is the thousands digit of k?
1
Let h(j) = -j**3 + 17*j**2 - 2*j + 22. Let a be h(9). Let u = -231 + a. What is the hundreds digit of u?
4
Let x be (-22)/(-99) + 76/(-18) - -25. Let y(q) = -q**3 + 21*q**2 - 4*q + 50. Let g be y(x). Let s = g + 61. What is the units digit of s?
7
Let v = 56 - 52. Let a be (0 + -24)*v*(-5)/6. Let i = a + -36. What is the units digit of i?
4
Let s(k) = -50 - k + 2*k + 61. Let x be s(-18). Let m(n) = -5*n + 15. What is the units digit of m(x)?
0
Let t = -252 - -256. Suppose 1850 = t*m + m. What is the tens digit of m?
7
Let p(n) = -71 - 150*n - 552*n - 75 + 153. What is the tens digit of p(-1)?
0
Suppose -42*b = -13*b - 10005. Suppose -3*o + 5*q = -391, -3*o - 4*q + b = -28. What is the hundreds digit of o?
1
Let h(s) = 601*s**2 + 143*s + 12. What is the units digit of h(4)?
0
Let g(a) = 2*a**2 - 240*a + 1262. What is the tens digit of g(-65)?
1
Let y(d) = 6*d + 40. Let k(x) = -11*x - 81. Let w(g) = 6*k(g) + 10*y(g). What is the units digit of w(-16)?
0
Let p(c) be the second derivative of 0 + 4*c**2 + c - 1/3*c**3. What is the tens digit of p(-4)?
1
Let w = 185 + -190. Let a(i) = -80*i + 5. What is the units digit of a(w)?
5
Suppose 2*j = -m + 15397, -5*m = 4*j - 4*m - 30799. What is the hundreds digit of j?
7
What is the tens digit of (1 + -2 - -13)*(-76)/399*-413?
4
Let x(h) = -6*h**2 + 137*h + 27. Let y be x(23). Suppose -n + 6*p - 10*p = -1249, y*n = 4*p + 4896. What is the tens digit of n?
2
Suppose 3*o - 213*b + 211*b = 14151, -5*o + 5*b = -23575. What is the hundreds digit of o?
7
Let g be -4145*((-3)/5)/((-24)/16). Let k = 2924 + g. What is the units digit of k?
6
Let w = 64 - -239. Suppose -380 = -5*f - 2*u + w, -4 = -u. What is the hundreds digit of f?
1
Let c = 134 + -129. Suppose -5*b + 574 = 5*w + 219, 4*w - 302 = c*b. What is the units digit of w?
3
Suppose -2369 - 312 = -7*s. Suppose -s = -4*j + 101. Let w = j - 37. What is the tens digit of w?
8
Let p = -45 - -48. Suppose -p*y + 2*y = 1413. What is the hundreds digit of y/(-12) + 0 + (-5)/(-20)?
1
Let b = -55 + 61. Let t = 66 + b. Let a = 40 + t. What is the tens digit of a?
1
Let i(x) be the first derivative of 7*x**2/2 + 15*x + 10. Let s(z) = 3*z + 8. Let l(d) = -2*i(d) + 5*s(d). What is the units digit of l(7)?
7
Let w be (-2 - (10/(-4) + 1))*0. Suppose w = 2*h + 3*h - 260. Suppose -3*x + 12 = 0, -b + 3*x = -h - 41. What is the tens digit of b?
0
Suppose -4*y - 3*c = -23, 0 = -2*y - 8*c + 4*c + 24. Suppose -4*b + 42 = -5*p, b - y*p = 2*p + 16. What is the units digit of b?
8
Let b = 135 - 223. Let u = 2888 + -2748. Let k = u + b. What is the tens digit of k?
5
Let v(m) = -17*m + 36. Let t be v(2). What is the units digit of (-4 + 719/t)/(8/16)?
1
Let v = 40 + -20. Let h = v + -18. What is the tens digit of (-350)/(-14) + ((-8)/h)/(-2)?
2
Let n(y) = 9*y**2 + 3*y + 8. Let g(p) = 11*p**2 + 3*p + 8. Let k(r) = -4*g(r) + 5*n(r). What is the units digit of k(-29)?
2
Let b be 148/6 + 8/(-12). Let m be 54/20*(-1760)/330 - 4/(-10). Let a = b + m. What is the tens digit of a?
1
Suppose 50*l - 194529 = 239521. What is the tens digit of l?
8
Let f(o) = -17*o + 4. Let h be f(-2). Let a = 51 + h. Suppose z - a = 2. What is the units digit of z?
1
Suppose -a + v - 26 = -4*a, -4*v = -3*a + 46. Let u be 5/5 - a/(-5). What is the tens digit of -120*(-1 + u)/(32/(-12))?
9
Let b(q) = 5*q**3 - 7*q**2 - 2*q + 13. Let k(y) = y**3 - y**2 + 2*y + 1. Let j(f) = -b(f) + 2*k(f). What is the units digit of j(-4)?
7
Suppose -423*u = 420*u - 844*u + 8906. What is the tens digit of u?
0
What is the units digit of 4073 - 11/((-143)/(-156))?
1
Let g = -6176 + 9632. What is the thousands digit of g?
3
Suppose 0 + 25 = -5*d. Let i be d*(-39)/15*3. Let b = -6 + i. What is the tens digit of b?
3
Suppose 122100 = -82*l + 605315 + 82667. Wha